{"id":3961,"date":"2017-10-05T19:22:15","date_gmt":"2017-10-05T19:22:15","guid":{"rendered":"http:\/\/kranjcic.hr\/wp-content\/uploads\/2017\/10\/svicarci-3.jpg"},"modified":"2017-10-05T19:26:02","modified_gmt":"2017-10-05T19:26:02","slug":"svicarci-3","status":"inherit","type":"attachment","link":"https:\/\/kranjcic.hr\/?attachment_id=3961","title":{"rendered":"svicarci 3"},"author":1,"featured_media":0,"comment_status":"closed","ping_status":"closed","template":"","meta":[],"class_list":["post-3961","attachment","type-attachment","status-inherit","hentry"],"description":{"rendered":"<p class=\"attachment\"><a href='https:\/\/kranjcic.hr\/wp-content\/uploads\/2017\/10\/svicarci-3.jpg'><img loading=\"lazy\" decoding=\"async\" width=\"200\" height=\"133\" src=\"https:\/\/kranjcic.hr\/wp-content\/uploads\/2017\/10\/svicarci-3-200x133.jpg\" class=\"attachment-medium size-medium\" alt=\"\" srcset=\"https:\/\/kranjcic.hr\/wp-content\/uploads\/2017\/10\/svicarci-3-200x133.jpg 200w, https:\/\/kranjcic.hr\/wp-content\/uploads\/2017\/10\/svicarci-3-120x80.jpg 120w, https:\/\/kranjcic.hr\/wp-content\/uploads\/2017\/10\/svicarci-3.jpg 1000w\" sizes=\"auto, (max-width: 200px) 100vw, 200px\" \/><\/a><\/p>\n"},"caption":{"rendered":"<p>S vl\u010d. An\u0111elkom Katanecem pred zagreba\u010dkom katedralom<\/p>\n"},"alt_text":"","media_type":"image","mime_type":"image\/jpeg","media_details":{"width":1000,"height":666,"file":"2017\/10\/svicarci-3.jpg","sizes":{"thumbnail":{"file":"svicarci-3-120x80.jpg","width":120,"height":80,"mime_type":"image\/jpeg","source_url":"https:\/\/kranjcic.hr\/wp-content\/uploads\/2017\/10\/svicarci-3-120x80.jpg"},"medium":{"file":"svicarci-3-200x133.jpg","width":200,"height":133,"mime_type":"image\/jpeg","source_url":"https:\/\/kranjcic.hr\/wp-content\/uploads\/2017\/10\/svicarci-3-200x133.jpg"},"gg_gallery_thumbnail":{"file":"svicarci-3-450x250.jpg","width":450,"height":250,"mime_type":"image\/jpeg","source_url":"https:\/\/kranjcic.hr\/wp-content\/uploads\/2017\/10\/svicarci-3-450x250.jpg"},"featured":{"file":"svicarci-3-670x300.jpg","width":670,"height":300,"mime_type":"image\/jpeg","source_url":"https:\/\/kranjcic.hr\/wp-content\/uploads\/2017\/10\/svicarci-3-670x300.jpg"},"featured-medium":{"file":"svicarci-3-230x160.jpg","width":230,"height":160,"mime_type":"image\/jpeg","source_url":"https:\/\/kranjcic.hr\/wp-content\/uploads\/2017\/10\/svicarci-3-230x160.jpg"},"slider-narrow":{"file":"svicarci-3-1000x500.jpg","width":1000,"height":500,"mime_type":"image\/jpeg","source_url":"https:\/\/kranjcic.hr\/wp-content\/uploads\/2017\/10\/svicarci-3-1000x500.jpg"},"slider-wide":{"file":"svicarci-3-1000x500.jpg","width":1000,"height":500,"mime_type":"image\/jpeg","source_url":"https:\/\/kranjcic.hr\/wp-content\/uploads\/2017\/10\/svicarci-3-1000x500.jpg"},"gallery":{"file":"svicarci-3-474x342.jpg","width":474,"height":342,"mime_type":"image\/jpeg","source_url":"https:\/\/kranjcic.hr\/wp-content\/uploads\/2017\/10\/svicarci-3-474x342.jpg"},"icon":{"file":"svicarci-3-100x100.jpg","width":100,"height":100,"mime_type":"image\/jpeg","source_url":"https:\/\/kranjcic.hr\/wp-content\/uploads\/2017\/10\/svicarci-3-100x100.jpg"},"full":{"file":"svicarci-3.jpg","width":1000,"height":666,"mime_type":"image\/jpeg","source_url":"https:\/\/kranjcic.hr\/wp-content\/uploads\/2017\/10\/svicarci-3.jpg"}},"image_meta":{"aperture":"2.8","credit":"","camera":"Canon PowerShot G15","caption":"","created_timestamp":"1507113159","copyright":"","focal_length":"6.1","iso":"160","shutter_speed":"0.003125","title":"","orientation":"1","keywords":[]}},"post":3958,"source_url":"https:\/\/kranjcic.hr\/wp-content\/uploads\/2017\/10\/svicarci-3.jpg","_links":{"self":[{"href":"https:\/\/kranjcic.hr\/index.php?rest_route=\/wp\/v2\/media\/3961","targetHints":{"allow":["GET"]}}],"collection":[{"href":"https:\/\/kranjcic.hr\/index.php?rest_route=\/wp\/v2\/media"}],"about":[{"href":"https:\/\/kranjcic.hr\/index.php?rest_route=\/wp\/v2\/types\/attachment"}],"author":[{"embeddable":true,"href":"https:\/\/kranjcic.hr\/index.php?rest_route=\/wp\/v2\/users\/1"}],"replies":[{"embeddable":true,"href":"https:\/\/kranjcic.hr\/index.php?rest_route=%2Fwp%2Fv2%2Fcomments&post=3961"}],"wp:attached-to":[{"embeddable":true,"post_type":"post","id":3958,"href":"https:\/\/kranjcic.hr\/index.php?rest_route=\/wp\/v2\/posts\/3958"}],"curies":[{"name":"wp","href":"https:\/\/api.w.org\/{rel}","templated":true}]}}

<p>S vlč. Anđelkom Katanecem pred zagrebačkom katedralom</p>
