{"id":3966,"date":"2017-10-05T19:24:25","date_gmt":"2017-10-05T19:24:25","guid":{"rendered":"http:\/\/kranjcic.hr\/wp-content\/uploads\/2017\/10\/svicarci-8.jpg"},"modified":"2017-10-05T19:25:11","modified_gmt":"2017-10-05T19:25:11","slug":"svicarci-8","status":"inherit","type":"attachment","link":"https:\/\/kranjcic.hr\/?attachment_id=3966","title":{"rendered":"svicarci 8"},"author":1,"featured_media":0,"comment_status":"closed","ping_status":"closed","template":"","meta":[],"class_list":["post-3966","attachment","type-attachment","status-inherit","hentry"],"description":{"rendered":"<p class=\"attachment\"><a href='https:\/\/kranjcic.hr\/wp-content\/uploads\/2017\/10\/svicarci-8.jpg'><img loading=\"lazy\" decoding=\"async\" width=\"195\" height=\"150\" src=\"https:\/\/kranjcic.hr\/wp-content\/uploads\/2017\/10\/svicarci-8-195x150.jpg\" class=\"attachment-medium size-medium\" alt=\"\" srcset=\"https:\/\/kranjcic.hr\/wp-content\/uploads\/2017\/10\/svicarci-8-195x150.jpg 195w, https:\/\/kranjcic.hr\/wp-content\/uploads\/2017\/10\/svicarci-8-120x92.jpg 120w, https:\/\/kranjcic.hr\/wp-content\/uploads\/2017\/10\/svicarci-8.jpg 1000w\" sizes=\"auto, (max-width: 195px) 100vw, 195px\" \/><\/a><\/p>\n"},"caption":{"rendered":"<p>Pred poprsjem Stjepana Kranj\u010di\u0107a u Kri\u017eevcima<\/p>\n"},"alt_text":"","media_type":"image","mime_type":"image\/jpeg","media_details":{"width":1000,"height":768,"file":"2017\/10\/svicarci-8.jpg","sizes":{"thumbnail":{"file":"svicarci-8-120x92.jpg","width":120,"height":92,"mime_type":"image\/jpeg","source_url":"https:\/\/kranjcic.hr\/wp-content\/uploads\/2017\/10\/svicarci-8-120x92.jpg"},"medium":{"file":"svicarci-8-195x150.jpg","width":195,"height":150,"mime_type":"image\/jpeg","source_url":"https:\/\/kranjcic.hr\/wp-content\/uploads\/2017\/10\/svicarci-8-195x150.jpg"},"gg_gallery_thumbnail":{"file":"svicarci-8-450x250.jpg","width":450,"height":250,"mime_type":"image\/jpeg","source_url":"https:\/\/kranjcic.hr\/wp-content\/uploads\/2017\/10\/svicarci-8-450x250.jpg"},"featured":{"file":"svicarci-8-670x300.jpg","width":670,"height":300,"mime_type":"image\/jpeg","source_url":"https:\/\/kranjcic.hr\/wp-content\/uploads\/2017\/10\/svicarci-8-670x300.jpg"},"featured-medium":{"file":"svicarci-8-230x160.jpg","width":230,"height":160,"mime_type":"image\/jpeg","source_url":"https:\/\/kranjcic.hr\/wp-content\/uploads\/2017\/10\/svicarci-8-230x160.jpg"},"slider-narrow":{"file":"svicarci-8-1000x500.jpg","width":1000,"height":500,"mime_type":"image\/jpeg","source_url":"https:\/\/kranjcic.hr\/wp-content\/uploads\/2017\/10\/svicarci-8-1000x500.jpg"},"slider-wide":{"file":"svicarci-8-1000x500.jpg","width":1000,"height":500,"mime_type":"image\/jpeg","source_url":"https:\/\/kranjcic.hr\/wp-content\/uploads\/2017\/10\/svicarci-8-1000x500.jpg"},"gallery":{"file":"svicarci-8-474x342.jpg","width":474,"height":342,"mime_type":"image\/jpeg","source_url":"https:\/\/kranjcic.hr\/wp-content\/uploads\/2017\/10\/svicarci-8-474x342.jpg"},"icon":{"file":"svicarci-8-100x100.jpg","width":100,"height":100,"mime_type":"image\/jpeg","source_url":"https:\/\/kranjcic.hr\/wp-content\/uploads\/2017\/10\/svicarci-8-100x100.jpg"},"full":{"file":"svicarci-8.jpg","width":1000,"height":768,"mime_type":"image\/jpeg","source_url":"https:\/\/kranjcic.hr\/wp-content\/uploads\/2017\/10\/svicarci-8.jpg"}},"image_meta":{"aperture":"3.5","credit":"","camera":"Canon EOS 600D","caption":"","created_timestamp":"1507026537","copyright":"","focal_length":"18","iso":"200","shutter_speed":"0.0004","title":"","orientation":"1","keywords":[]}},"post":3958,"source_url":"https:\/\/kranjcic.hr\/wp-content\/uploads\/2017\/10\/svicarci-8.jpg","_links":{"self":[{"href":"https:\/\/kranjcic.hr\/index.php?rest_route=\/wp\/v2\/media\/3966","targetHints":{"allow":["GET"]}}],"collection":[{"href":"https:\/\/kranjcic.hr\/index.php?rest_route=\/wp\/v2\/media"}],"about":[{"href":"https:\/\/kranjcic.hr\/index.php?rest_route=\/wp\/v2\/types\/attachment"}],"author":[{"embeddable":true,"href":"https:\/\/kranjcic.hr\/index.php?rest_route=\/wp\/v2\/users\/1"}],"replies":[{"embeddable":true,"href":"https:\/\/kranjcic.hr\/index.php?rest_route=%2Fwp%2Fv2%2Fcomments&post=3966"}],"wp:attached-to":[{"embeddable":true,"post_type":"post","id":3958,"href":"https:\/\/kranjcic.hr\/index.php?rest_route=\/wp\/v2\/posts\/3958"}],"curies":[{"name":"wp","href":"https:\/\/api.w.org\/{rel}","templated":true}]}}

<p>Pred poprsjem Stjepana Kranjčića u Križevcima</p>
