{"id":9,"date":"2015-10-17T12:58:06","date_gmt":"2015-10-17T12:58:06","guid":{"rendered":"https:\/\/udrugadrstjepankranjcic.wordpress.com\/?page_id=9"},"modified":"2025-10-30T20:11:59","modified_gmt":"2025-10-30T20:11:59","slug":"o-udruzi","status":"publish","type":"page","link":"https:\/\/kranjcic.hr\/?page_id=9","title":{"rendered":"O udruzi"},"content":{"rendered":"<p><img loading=\"lazy\" decoding=\"async\" class=\"alignleft wp-image-57 size-medium\" src=\"http:\/\/novo.kranjcic.hr\/wp-content\/uploads\/2015\/10\/skupstina01.jpg?w=300\" alt=\"skupstina01\" width=\"300\" height=\"225\" srcset=\"https:\/\/kranjcic.hr\/wp-content\/uploads\/2015\/10\/skupstina01.jpg 1200w, https:\/\/kranjcic.hr\/wp-content\/uploads\/2015\/10\/skupstina01-300x225.jpg 300w, https:\/\/kranjcic.hr\/wp-content\/uploads\/2015\/10\/skupstina01-768x576.jpg 768w, https:\/\/kranjcic.hr\/wp-content\/uploads\/2015\/10\/skupstina01-1024x768.jpg 1024w\" sizes=\"auto, (max-width: 300px) 100vw, 300px\" \/>Udruga je osnovana 1. listopada 2007. Dobila je naziv Udruga za promicanje znamenitih Kri\u017eev\u010dana \u00bbDr. Stjepan Kranj\u010di\u0107\u00ab. Budu\u0107i da je Udruga utemeljena ponajprije zbog dr. Stjepana Kranj\u010di\u0107a, po njemu je i dobila ime, no \u017eelja je utemeljitelja da se kroz djelovanje u budu\u0107nosti isti\u010du i drugi znameniti kri\u017eeva\u010dki ljudi kojih ima puno.<\/p>\n<p>Kako je 2008. godina bila godina 90. obljetnice ro\u0111enja i 40. godi\u0161njice smrti Stjepana Kranj\u010di\u0107a, Udruga je tu godinu posvetila ponajprije Kranj\u010di\u0107u sa \u017eeljom da se uz pomo\u0107 Kranj\u010di\u0107evih \u0161tovatelja, prijatelja, podupiratelja, vjernika i ljudi dobre volje, osvijetli lik i djelo prerano preminuloga i nepre\u017ealjenoga sve\u0107enika dr. Stjepana Kranj\u010di\u0107a koji u Kri\u017eevcima u\u017eiva glas svetosti.<\/p>\n<p>\u010clanovi Udruge nastavili su raznolikim programima javnosti predstavljati \u017eupnika Stjepana Kranj\u010di\u0107a, a od projekata Udruge va\u017eno\u0161\u0107u su se, i to na nacionalnoj razini, izdvojili: <strong>Dani hrvatskih svetaca i bla\u017eenika<\/strong>, <strong>Susret hrvatskoga duhovnoga knji\u017eevnoga stvarala\u0161tva \u201eStjepan Kranj\u010di\u0107\u201d<\/strong> te <strong>Susret hrvatskoga dje\u010djega duhovnoga stvarala\u0161tva\u00a0\u201eStjepan Kranj\u010di\u0107\u201d<\/strong>.<\/p>\n<hr \/>\n<h2><\/h2>\n<h2><span style=\"color: #008080;\"><strong>RUKOVODSTVO UDRUGE<\/strong><\/span><\/h2>\n<p>Predsjednica:\u00a0dr. sc. Tanja Baran<br \/>\nDopredsjednik: \u017deljko \u0160tubelj<br \/>\nTajnica: Danijela Zagorec<br \/>\nUpravni odbor: vl\u010d. Stjepan Sovi\u010dek i Roko Ba\u0161i\u0107<br \/>\nNadzorni odbor: vl\u010d. Kristijan Bogdan, Patricia Butkovi\u0107 i Martina Valec-Rebi\u0107<br \/>\nLikvidator: \u017deljko \u0160tubelj<br \/>\nKomisija za mirenje: Nina Drakuli\u0107, Lucija Martin\u010di\u0107 i Stjepan Krpani\u0107<\/p>\n","protected":false},"excerpt":{"rendered":"<p>Udruga je osnovana 1. listopada 2007. Dobila je naziv Udruga za promicanje znamenitih Kri\u017eev\u010dana \u00bbDr. Stjepan Kranj\u010di\u0107\u00ab. Budu\u0107i da je Udruga utemeljena ponajprije zbog dr. Stjepana Kranj\u010di\u0107a, po njemu je i dobila ime, no \u017eelja je utemeljitelja da se kroz djelovanje u budu\u0107nosti isti\u010du i drugi znameniti kri\u017eeva\u010dki ljudi kojih&hellip; <\/p>\n","protected":false},"author":1,"featured_media":0,"parent":0,"menu_order":1,"comment_status":"closed","ping_status":"closed","template":"","meta":{"footnotes":""},"class_list":["post-9","page","type-page","status-publish","hentry"],"_links":{"self":[{"href":"https:\/\/kranjcic.hr\/index.php?rest_route=\/wp\/v2\/pages\/9","targetHints":{"allow":["GET"]}}],"collection":[{"href":"https:\/\/kranjcic.hr\/index.php?rest_route=\/wp\/v2\/pages"}],"about":[{"href":"https:\/\/kranjcic.hr\/index.php?rest_route=\/wp\/v2\/types\/page"}],"author":[{"embeddable":true,"href":"https:\/\/kranjcic.hr\/index.php?rest_route=\/wp\/v2\/users\/1"}],"replies":[{"embeddable":true,"href":"https:\/\/kranjcic.hr\/index.php?rest_route=%2Fwp%2Fv2%2Fcomments&post=9"}],"version-history":[{"count":5,"href":"https:\/\/kranjcic.hr\/index.php?rest_route=\/wp\/v2\/pages\/9\/revisions"}],"predecessor-version":[{"id":6681,"href":"https:\/\/kranjcic.hr\/index.php?rest_route=\/wp\/v2\/pages\/9\/revisions\/6681"}],"wp:attachment":[{"href":"https:\/\/kranjcic.hr\/index.php?rest_route=%2Fwp%2Fv2%2Fmedia&parent=9"}],"curies":[{"name":"wp","href":"https:\/\/api.w.org\/{rel}","templated":true}]}}

<p><img loading="lazy" decoding="async" class="alignleft wp-image-57 size-medium" src="http://novo.kranjcic.hr/wp-content/uploads/2015/10/skupstina01.jpg?w=300" alt="skupstina01" width="300" height="225" srcset="https://kranjcic.hr/wp-content/uploads/2015/10/skupstina01.jpg 1200w, https://kranjcic.hr/wp-content/uploads/2015/10/skupstina01-300x225.jpg 300w, https://kranjcic.hr/wp-content/uploads/2015/10/skupstina01-768x576.jpg 768w, https://kranjcic.hr/wp-content/uploads/2015/10/skupstina01-1024x768.jpg 1024w" sizes="auto, (max-width: 300px) 100vw, 300px" />Udruga je osnovana 1. listopada 2007. Dobila je naziv Udruga za promicanje znamenitih Križevčana »Dr. Stjepan Kranjčić«. Budući da je Udruga utemeljena ponajprije zbog dr. Stjepana Kranjčića, po njemu je i dobila ime, no želja je utemeljitelja da se kroz djelovanje u budućnosti ističu i drugi znameniti križevački ljudi kojih ima puno.</p>
<p>Kako je 2008. godina bila godina 90. obljetnice rođenja i 40. godišnjice smrti Stjepana Kranjčića, Udruga je tu godinu posvetila ponajprije Kranjčiću sa željom da se uz pomoć Kranjčićevih štovatelja, prijatelja, podupiratelja, vjernika i ljudi dobre volje, osvijetli lik i djelo prerano preminuloga i neprežaljenoga svećenika dr. Stjepana Kranjčića koji u Križevcima uživa glas svetosti.</p>
<p>Članovi Udruge nastavili su raznolikim programima javnosti predstavljati župnika Stjepana Kranjčića, a od projekata Udruge važnošću su se, i to na nacionalnoj razini, izdvojili: <strong>Dani hrvatskih svetaca i blaženika</strong>, <strong>Susret hrvatskoga duhovnoga književnoga stvaralaštva „Stjepan Kranjčić”</strong> te <strong>Susret hrvatskoga dječjega duhovnoga stvaralaštva „Stjepan Kranjčić”</strong>.</p>
<hr />
<h2></h2>
<h2><span style="color: #008080;"><strong>RUKOVODSTVO UDRUGE</strong></span></h2>
<p>Predsjednica: dr. sc. Tanja Baran<br />
Dopredsjednik: Željko Štubelj<br />
Tajnica: Danijela Zagorec<br />
Upravni odbor: vlč. Stjepan Soviček i Roko Bašić<br />
Nadzorni odbor: vlč. Kristijan Bogdan, Patricia Butković i Martina Valec-Rebić<br />
Likvidator: Željko Štubelj<br />
Komisija za mirenje: Nina Drakulić, Lucija Martinčić i Stjepan Krpanić</p>

<p>Udruga je osnovana 1. listopada 2007. Dobila je naziv Udruga za promicanje znamenitih Križevčana »Dr. Stjepan Kranjčić«. Budući da je Udruga utemeljena ponajprije zbog dr. Stjepana Kranjčića, po njemu je i dobila ime, no želja je utemeljitelja da se kroz djelovanje u budućnosti ističu i drugi znameniti križevački ljudi kojih&hellip; </p>
